 142 = -4*h + s. Calculate the highest common factor of 20 and h.
20
Let n(c) = c**3 + c**2 + 4*c - 32. Let o be n(12). Calculate the greatest common factor of o and 32.
32
Let f be (-48576)/(-286) - (-2)/13 - -7. Calculate the highest common factor of f and 3.
3
Suppose 3*l = 26*l - 138. What is the highest common divisor of 114 and l?
6
Let u(w) = w**3 + 26*w**2 + w + 24. Let q be u(-26). Let t be q/(2/31*-1). What is the highest common divisor of 248 and t?
31
Let q be (8/6 - 2)/(14/(-105)). Suppose -3*i = -5*h - 6 + 36, 0 = 2*h - q*i + 7. Calculate the highest common divisor of h and 6.
3
Suppose -3*k - 5 = 4, 24 = 3*w - 5*k. Suppose 3*c - 1062 = -5*o, 4*o + w*c - 760 = 92. What is the highest common factor of 30 and o?
30
Let g be (-7 - (-508)/20)/((-2)/(-80)). What is the highest common factor of 32 and g?
32
Let q be ((-156)/(-2))/((-2 + 0)/(-1)). Suppose -q = -2*y + 13. Calculate the greatest common factor of 39 and y.
13
Suppose -2*z + 5*s = -470, -2*z - 4*s - 246 + 734 = 0. What is the highest common factor of z and 90?
30
Suppose q + 4*q + 10 = 0. Let v = q + 11. Let y(s) = -4*s + 3. Let n be y(-6). What is the greatest common factor of v and n?
9
Let b be 37/(-2 + 4 + (0 - 1)). Suppose 3*k - 103 = -5*j, 2*k + 0*k - 3*j - b = 0. Calculate the greatest common factor of 234 and k.
26
Let c = 130 - 120. Let o = 36 - c. Let l be 39*((-1)/(-1) - -5). Calculate the highest common factor of l and o.
26
Let a be (2 + -3)/2*0. Suppose -4*s + 22 + 10 = a. Suppose 4*g + 43 - 203 = 0. Calculate the highest common divisor of s and g.
8
Let k = 585 - -61. What is the greatest common factor of 38 and k?
38
Let a(k) = -k**2 + 39*k + 12. Let w be a(12). What is the highest common factor of 48 and w?
48
Let p(m) = m**2 - 9*m - 2. Let t be p(12). Suppose 4*s - l - 100 = 0, s - 2*l + 9 - t = 0. What is the highest common factor of s and 5?
5
Let q = 1079 - 584. What is the greatest common divisor of 55 and q?
55
Let j be -3*2/3 + 5. Suppose -5*r + 3*u + j = -3*r, u - 21 = -3*r. Suppose -40 = -d + 8. What is the greatest common divisor of d and r?
6
Let d = 19 - -20. Let m(t) = -t**3 - 8*t**2 + 5*t + 3. Suppose 15 = 5*u + 60. Let l be m(u). What is the highest common divisor of l and d?
39
Let j(a) = -a - 9. Let z be j(-11). Let f(v) = 3*v**2 - 1 + 0 - v**3 + v - 3 + z. Let t be f(3). What is the greatest common divisor of t and 3?
1
Let t(z) = -39*z. Let s be t(-1). Suppose 2*p - 4*n - 56 = 0, 5*n + 53 = 5*p - 82. What is the highest common factor of s and p?
13
Suppose -33*p + 1865 = -1567. What is the highest common divisor of 598 and p?
26
Let n be (1 - 0)/((-7)/1351). Let b = n + 283. Calculate the highest common divisor of b and 10.
10
Let l be (16/(-6))/(8/(-12)). Suppose 0 = -l*y + 3*y + 389. Let i = y + -209. What is the highest common divisor of 20 and i?
20
Let r be ((-216)/84)/((-62)/28 + 2). Calculate the greatest common factor of r and 1236.
12
Let i(p) = -p**3 + 9*p**2 - 6. Let m be i(9). Let h be m/(-14) - 4/((-28)/11). What is the highest common divisor of 2 and h?
2
Let a(y) = 39 - 7*y**2 - 24*y**2 + y**3 - 48 + 9*y**2 - 47*y. Let b be a(24). What is the greatest common divisor of 12 and b?
3
Suppose -5*d - k = 23 - 5, -5*k + 22 = -3*d. Let r be (0 + d)/((-7)/28). What is the greatest common divisor of r and 40?
8
Suppose 7*v - 2 - 5 = 0. Let d be (-4 - -5)*1*v. Calculate the highest common factor of d and 1.
1
Suppose 5*t - 177 = 3*p, 5*p - 4*p = 5*t - 179. Let o = 58 + -34. Calculate the greatest common factor of o and t.
12
Let h(u) = u**3 + 13*u**2 + 5. Let l be h(-13). Suppose 4 = -p + 2*j, 4*p + 6*j - 5*j = 11. Calculate the highest common factor of l and p.
1
Let f = 34 - 20. Let l = 74 + -63. Suppose 6*c = 157 + l. What is the highest common divisor of f and c?
14
Let p = 137 + -97. Let f = 46 + -30. What is the greatest common factor of p and f?
8
Let u = 7 + -4. Suppose -15 = u*o - 87. Suppose 2 = -7*m + 44. What is the greatest common factor of m and o?
6
Let c = 60 + -197. Let z = -101 - c. Calculate the greatest common factor of 60 and z.
12
Let x be 142/4 - (-9)/(-6). Let u = 35 - x. Calculate the greatest common factor of 9 and u.
1
Let y(b) = -3*b + 3. Let q be y(5). Let x = q + 12. Suppose -4*f + i + 42 = 0, -i - 32 = -3*f - x*i. Calculate the greatest common divisor of 10 and f.
10
Let f(i) = -i + 9. Let v be f(-6). What is the greatest common factor of v and 285?
15
Let o(n) = -4*n - 15*n + 29*n - 3 - n**2. Let a be o(8). Let v = a - -4. Calculate the highest common divisor of v and 119.
17
Let j be 738 - 45/((-5)/(-1)). Calculate the highest common divisor of j and 9.
9
Suppose -6 = -3*s + 60. Suppose -4*n - 26 = -2*r + s, -4*n = 2*r - 16. Calculate the highest common factor of r and 64.
16
Let r(w) = -w**2 + 20*w + 13. Let l be r(16). What is the highest common factor of 154 and l?
77
Let o(z) = -69*z + 2. Let m be o(-2). Let a be (-69)/(-23) - (28 + 0). Let j be m/a*1*-20. Calculate the greatest common factor of 16 and j.
16
Let s be 8936/80 - (-9)/30. What is the greatest common factor of s and 126?
14
Suppose 0*i + 204 = -3*i. Let t = -34 - i. Calculate the highest common factor of t and 136.
34
Suppose -16 - 104 = -4*i - 4*l, 3*i = -4*l + 91. Calculate the highest common divisor of i and 3.
1
Suppose -2*n = -5*l + 418, 2 = 5*n - 3. Suppose -2*h = 3*h - 60. Calculate the highest common factor of l and h.
12
Suppose -2*j + 17 = w, 4*w = -j + 16 + 38. Suppose 130 = -2*l + 7*l. Calculate the highest common factor of l and w.
13
Suppose -3*s + 2*k + 180 = 0, -4*s + 3*k = -2*k - 240. Let t = 32 - -8. Calculate the highest common factor of t and s.
20
Let z = -195 + 224. Calculate the highest common factor of z and 319.
29
Let y = 44 - 17. Suppose 3552*o - 72 = 3550*o. Calculate the greatest common factor of o and y.
9
Let u(m) = 3*m**2. Let g be u(1). Suppose -2*r + 4 = 5*d - 5, -4*d - 3*r = -10. Let w = d - 0. Calculate the highest common divisor of g and w.
1
Let u(m) = m**3 - 2*m**2 - 7*m - 4. Let b be u(8). Calculate the greatest common factor of b and 36.
36
Let k(m) = -m**3 - 10*m**2 - 59*m - 354. Let b be k(-11). What is the greatest common divisor of 128 and b?
32
Let o be -2 + 1 + (-4 - -1). Let d(j) = 0 - 1 - 4 + 0 - 3*j. Let s be d(o). What is the greatest common factor of s and 63?
7
Let w(o) = -3*o - 62. Let f be w(-8). Let d be -56 - (5 + 6/(-2)). Let u = f - d. Calculate the highest common divisor of 60 and u.
20
Let x be 6/(44/8 - 4). Let u be (-1)/x - (-1230)/24. Calculate the greatest common divisor of u and 34.
17
Let q = -6 - -10. Suppose -s + 3*s = -q. Let k be (-1)/(s/32) - 2. Calculate the greatest common divisor of 21 and k.
7
Let g = 529 + 54. What is the greatest common factor of g and 106?
53
Let p = -58 - -28. Let y = 32 + p. Suppose -3*u = y*u - 80. Calculate the greatest common factor of u and 2.
2
Let t be (5/5)/(3/(-156)). Let b = -26 - t. Let m be 2/3 + 74/6. What is the highest common factor of m and b?
13
Let v = 2 + 4. Let h(y) = -6 + 9*y - 10*y**2 + y**3 - 3*y - 2*y + 2*y. Let b be h(10). Calculate the greatest common factor of b and v.
6
Suppose 51*n - 2771 = 2227. Calculate the highest common factor of n and 245.
49
Suppose -11*y = -51*y - 6*y. Let r = 9 - 5. Suppose 2*x = -r, -2*x + 48 = q - y*q. Calculate the highest common factor of 78 and q.
26
Suppose 0 = -8*k + 3*k - 695. Let v = -59 - k. What is the highest common factor of v and 8?
8
Let f = 31 - -19. Suppose -4*p = 4*l - 124, -l = -p - p + f. Let k be 2 - (1 - 2)/1. Calculate the greatest common factor of p and k.
3
Let d(o) = 13*o - 2 + 2 - 6 - o. Let g be d(6). What is the greatest common factor of 11 and g?
11
Suppose -5*b - d = -6*d + 35, -5*b - 2*d = 7. Let q be -1*-48*(-9)/b. What is the greatest common divisor of q and 24?
24
Suppose 1 = -z + 5*t, 119 = -4*z - 5*t + 15. Let u = 23 + z. Suppose -2*n + 0 + 2 = 0. Calculate the greatest common factor of n and u.
1
Let o be ((-1)/1 + -89)*(-4)/10. What is the greatest common factor of o and 96?
12
Suppose 4*f = -2*z + 352, -4*f - z + 59 + 293 = 0. Let b be (-1)/2*2*-11. What is the greatest common divisor of f and b?
11
Let s be 3/2*372/279. Calculate the greatest common factor of 58 and s.
2
Suppose 11*v = 10*v + 2*y + 182, -2*v = -5*y - 359. Let l = 1 - 2. Let